{"id":117,"date":"2018-07-30T19:00:53","date_gmt":"2018-07-30T17:00:53","guid":{"rendered":"http:\/\/toltecdc.com\/?page_id=117"},"modified":"2024-02-13T09:25:33","modified_gmt":"2024-02-13T08:25:33","slug":"comment-vous-aider","status":"publish","type":"page","link":"https:\/\/toltecdc.com\/?page_id=117","title":{"rendered":"Notre offre"},"content":{"rendered":"\n<p><strong>TOLTEC est un cabinet de services et de conseil aux entreprises reconnue pour son expertise en mati\u00e8re de conformit\u00e9 r\u00e8glementaire et de secr\u00e9tariat g\u00e9n\u00e9ral externalis\u00e9.<\/strong><\/p>\n\n\n<p><strong>Des services sur mesure\u00a0<\/strong><\/p>\n<p>TOLTEC\u00a0propose des services avec une m\u00e9thodologie simple :<\/p>\n<p>(1) Un premier rendez-vous d\u00e9couverte de 1 \u00e0\u00a0 2 heures pour une prise de contact non factur\u00e9e et non engageante.<\/p>\n<p>(2) Une offre de services ajust\u00e9e et sur mesure, tenant compte de la complexit\u00e9, la taille et la nature des besoins du client, formalis\u00e9e dans une \u00ab\u00a0Lettre de mission\u00a0\u00bb \u00e0 contresigner par le client avant le d\u00e9marrage de la mission.<\/p>\n<p>TOLTEC a \u00e9t\u00e9 cr\u00e9\u00e9e par Philippe Gabillault, ancien directeur juridique commercial et d\u00e9l\u00e9gu\u00e9 \u00e0 la protection des donn\u00e9es du Groupe Carrefour. TOLTEC est membre co-fondateur de l&rsquo;initiative <a href=\"https:\/\/citizen-shield.com\/\">CITIZEN SHIELD pour la protection des donn\u00e9es<\/a>.<\/p>\n<p>Nos <a href=\"https:\/\/toltecdc.com\/index.php\/comment-vous-aider\/nos-conditions-generales\/\">Conditions G\u00e9n\u00e9rales<\/a><\/p>\n<p>Pour toute information compl\u00e9mentaire et organisation du premier rendez-vous d\u00e9couverte, contacter :<\/p>\n<p>philippe.gabillault@toltecdc.com<br \/>plus de d\u00e9tails sur <a href=\"https:\/\/toltecdc.com\/index.php\/comment-vous-aider\/philippe-gabillault\/\">Philippe Gabillault<\/a>, vous pouvez le suivre sur <a href=\"https:\/\/www.linkedin.com\/in\/philippe-gabillault-57821057\/\">LinkedIn<\/a><\/p>\n<p>&nbsp;<\/p>\n<p>&nbsp;<\/p>","protected":false},"excerpt":{"rendered":"<p>TOLTEC est un cabinet de services et de conseil aux entreprises reconnue pour son expertise en mati\u00e8re de conformit\u00e9 r\u00e8glementaire et de secr\u00e9tariat g\u00e9n\u00e9ral externalis\u00e9. Des services sur mesure\u00a0 TOLTEC\u00a0propose des services avec une m\u00e9thodologie simple : (1) Un premier rendez-vous d\u00e9couverte de 1 \u00e0\u00a0 2 heures pour une prise de contact non factur\u00e9e et &hellip; <\/p>\n<p class=\"link-more\"><a href=\"https:\/\/toltecdc.com\/?page_id=117\" class=\"more-link\">Continuer la lecture<span class=\"screen-reader-text\"> de &laquo;&nbsp;Notre offre&nbsp;&raquo;<\/span><\/a><\/p>\n","protected":false},"author":1,"featured_media":0,"parent":0,"menu_order":0,"comment_status":"closed","ping_status":"closed","template":"","meta":{"footnotes":""},"_links":{"self":[{"href":"https:\/\/toltecdc.com\/index.php?rest_route=\/wp\/v2\/pages\/117"}],"collection":[{"href":"https:\/\/toltecdc.com\/index.php?rest_route=\/wp\/v2\/pages"}],"about":[{"href":"https:\/\/toltecdc.com\/index.php?rest_route=\/wp\/v2\/types\/page"}],"author":[{"embeddable":true,"href":"https:\/\/toltecdc.com\/index.php?rest_route=\/wp\/v2\/users\/1"}],"replies":[{"embeddable":true,"href":"https:\/\/toltecdc.com\/index.php?rest_route=%2Fwp%2Fv2%2Fcomments&post=117"}],"version-history":[{"count":16,"href":"https:\/\/toltecdc.com\/index.php?rest_route=\/wp\/v2\/pages\/117\/revisions"}],"predecessor-version":[{"id":1183,"href":"https:\/\/toltecdc.com\/index.php?rest_route=\/wp\/v2\/pages\/117\/revisions\/1183"}],"wp:attachment":[{"href":"https:\/\/toltecdc.com\/index.php?rest_route=%2Fwp%2Fv2%2Fmedia&parent=117"}],"curies":[{"name":"wp","href":"https:\/\/api.w.org\/{rel}","templated":true}]}}